{"id":617,"date":"2025-04-23T10:55:07","date_gmt":"2025-04-23T08:55:07","guid":{"rendered":"https:\/\/hambuechen.net\/wordpress\/?page_id=617"},"modified":"2025-04-24T22:02:32","modified_gmt":"2025-04-24T20:02:32","slug":"besuch","status":"publish","type":"page","link":"https:\/\/hambuechen.net\/wordpress\/besuch\/","title":{"rendered":"Besuch"},"content":{"rendered":"<h3>Adresse<\/h3>\n<p><strong>Museum Morsbroich<\/strong><\/p>\n<p>Gustav-Heinemann-Str. 80<br \/>\n51377 Leverkusen<\/p>\n<p>Telefon: +49 (214) 406 &#8211; 45 00<\/p>\n<p>E-Mail:\u00a0<a href=\"mailto:info@morsbroich.de\">info@morsbroich.de<\/a><\/p>\n<p>Instagram:\u00a0<a href=\"https:\/\/www.instagram.com\/museum_morsbroich\/\" target=\"_blank\" rel=\"noopener\">https:\/\/www.instagram.com\/museum_morsbroich\/<\/a><br \/>\nFacebook:\u00a0<a href=\"https:\/\/www.facebook.com\/MuseumMorsbroich\" target=\"_blank\" rel=\"noopener\">https:\/\/www.facebook.com\/MuseumMorsbroich<\/a><\/p>\n<h3>\u00d6ffnungszeiten<\/h3>\n<p>Dienstag bis Sonntag von 11 bis 17 Uhr<\/p>\n<p><strong>Aufgrund einer ganzt\u00e4gigen Veranstaltung bleiben Museum und Schlosspark am Mittwoch, 7. Mai, geschlossen.<\/strong><\/p>\n\n<h5>Hinweise<\/h5>\n<ul>\n<li>F\u00fcr\u00a0<strong>Besucher*innen mit Gehbeschr\u00e4nkungen<\/strong>\u00a0und\u00a0<strong>Rollstuhlfahrer*innen<\/strong>\u00a0ist unser Museum und die Kunstvermittlung\u00a0<strong>zug\u00e4nglich<\/strong>. Melden Sie sich einfach an der Kasse am Tor! Sie liegt ebenerdig.<\/li>\n<\/ul>\n<h5>Feiertage<\/h5>\n<p>An folgenden Feiertagen haben wir f\u00fcr Sie ge\u00f6ffnet:<\/p>\n<ul>\n<li>Neujahr (1. Januar 2025)<\/li>\n<li>Ostersonntag\u00a0und Ostermontag (20. und 21. April 2025)<\/li>\n<li>1. Mai 2025<\/li>\n<li>Christi Himmelfahrt (29. Mai 2025)<\/li>\n<li>Pfingstmontag (9. Juni 2025)<\/li>\n<li>Fronleichnam (19. Juni 2025)<\/li>\n<li>Tag der Deutschen Einheit (3. Oktober 2025)<\/li>\n<li>Allerheiligen (1. November 2025)<\/li>\n<li>zweiter Weihnachtstag (26. Dezember 2025)<\/li>\n<li>Neujahr (1. Januar 2026)<\/li>\n<\/ul>\n<p>Karfreitag, Maifeiertage, Heiligabend, 1. Weihnachtstag und Silvester bleibt das Haus geschlossen.<\/p>\n<h3>Eintrittspreise<\/h3>\n<p>Erwachsene: \u20ac\u00a08<br \/>\nSch\u00fcler, Studenten &amp;\u00a0Auszubildende: \u20ac\u00a04<\/p>\n<p>Familienkarte:\u00a0\u20ac 15<br \/>\nf\u00fcr zwei\u00a0Erwachsene und bis zu vier\u00a0Sch\u00fcler,\u00a0Jugendliche bis 17 Jahren, Studenten*innen und Auszubildende &#8230;<\/p>\n<p>Gruppen ab zehn\u00a0Besucher*innen: \u20ac\u00a04 pro Person<\/p>\n<p>An den Morsbroicher Kunsttagen ist der\u00a0<strong>Eintritt frei<\/strong>.<\/p>\n<p>Unser Tipp:\u00a0<strong>die\u00a0Jahreskarte<\/strong><br \/>\nf\u00fcr\u00a0Erwachsene: \u20ac\u00a025<br \/>\nf\u00fcr Sch\u00fcler bis 17 Jahre:\u00a0\u20ac 12<\/p>\n<p>Ihre Jahreskarte erhalten Sie\u00a0in unserem\u00a0<a href=\"https:\/\/www.museum-morsbroich.de\/service\/shop\/\">MuseumShop<\/a>.<\/p>\n<h3>Programm<\/h3>\n<p>Unser aktuelles Programm finden Sie\u00a0<a href=\"https:\/\/hambuechen.net\/wordpress\/veranstaltungen\/\">hier<\/a>.<\/p>\n<h3>F\u00fchrungen<\/h3>\n<p>Jeden Sonntag um 15 Uhr freuen wir uns auf Sie bei unserer\u00a0<strong>\u00f6ffentlichen F\u00fchrung<\/strong>. Eintritt &amp; F\u00fchrung erhalten Sie f\u00fcr \u20ac 12, erm\u00e4\u00dfigt \u20ac 8.<\/p>\n<p><strong>Kunsthistorische F\u00fchrungen f\u00fcr Gruppen<\/strong>\u00a0erhalten Sie f\u00fcr\u00a0\u20ac 38 +\u00a0\u20ac\u00a04 pro Teilnehmer*innen. W\u00fcnschen sie diese in einer\u00a0<strong>anderen Sprache<\/strong>? Gern:\u00a0\u20ac\u00a058\u00a0+\u00a0\u20ac\u00a04 pro Teilnehmer*innen.<\/p>\n<p><strong>Schulen<\/strong>\u00a0erhalten freien Eintritt. Bei praktischen Arbeiten (1,5 h) ben\u00f6tigen wir Materialkosten von je \u20ac 2. Eine\u00a0<strong>einst\u00fcndige F\u00fchrung<\/strong>\u00a0bieten wir\u00a0f\u00fcr gesamt \u20ac 38 an.\u00a0<strong>Einf\u00fchrungsveranstaltungen f\u00fcr P\u00e4dagog*innen<\/strong>\u00a0sind ebenfalls kostenfrei.<\/p>\n<p>F\u00fcr\u00a0<strong>Familien<\/strong>\u00a0haben wir die generations\u00fcbergreifende Kunstentdecker Tour an jedem ersten Sonntag im Monat.<\/p>\n<p>An verschiedenen Dienstagen um 14: 30 Uhr gibt es den\u00a0<strong>Kunstgenuss<\/strong>\u00a0\u2013\u00a0eine F\u00fchrung mit Kaffee &amp; Kuchen. Teilnahmegeb\u00fchr: \u20ac 12,50. Termine finden Sie\u00a0<a href=\"https:\/\/www.museum-morsbroich.de\/veranstaltungen\/\">hier<\/a>.<\/p>\n<p><strong>Gruppenf\u00fchrungen<\/strong>\u00a0k\u00f6nnen Sie gern bei unserem Besucherservice buchen:<\/p>\n<ul>\n<li>Telefon: +49 (214) 406 &#8211; 45 00<\/li>\n<li>E-Mail:\u00a0<a>info@morsbroich.de<\/a><\/li>\n<\/ul>\n<h3>Anfahrt<\/h3>\n<h5>&#8230; mit dem PKW:<\/h5>\n<p>Von K\u00f6ln oder D\u00fcsseldorf kommend auf der A 3 \u00a0Ausfahrt: Leverkusen Zentrum, dann der Beschilderung (&#8222;Museum Morsbroich&#8220;) folgen (Anfahrt vom AB-Kreuz Leverkusen kommend momentan nur \u00fcber Willy-Brandt-Ring und Karl-Carstens-Ring in die Gustav-Heinemann-Str. m\u00f6glich)\u201c.<\/p>\n<h5>&#8230; mit der Bahn:<\/h5>\n<p>K\u00f6ln: S 6 \/ RE 1 \/ RE 5 (Bahnhof Lev. Mitte) \/ RB 48 (Bahnhof Lev. Schlebusch)<br \/>\nD\u00fcsseldorf: S 6 \/ RB 48 \/ RB 5 (Bahnhof Lev. Mitte)<br \/>\nWuppertal: RB 48 (Bahnhof Lev.-Schlebusch)<\/p>\n<h5>\u2026 mit dem Bus:<\/h5>\n<p>Linie 212, 214, SB21, SB22 und SB29 von Lev.-Mitte (Ausstieg Museum Morsbroich)<\/p>\n","protected":false},"excerpt":{"rendered":"<p>Adresse Museum Morsbroich Gustav-Heinemann-Str. 80 51377 Leverkusen Telefon: +49 (214) 406 &#8211; 45 00 E-Mail:\u00a0info@morsbroich.de Instagram:\u00a0https:\/\/www.instagram.com\/museum_morsbroich\/ Facebook:\u00a0https:\/\/www.facebook.com\/MuseumMorsbroich \u00d6ffnungszeiten Hinweise F\u00fcr\u00a0Besucher*innen mit Gehbeschr\u00e4nkungen\u00a0und\u00a0Rollstuhlfahrer*innen\u00a0ist unser Museum und die Kunstvermittlung\u00a0zug\u00e4nglich. Melden Sie sich einfach an der Kasse am Tor! Sie liegt ebenerdig. Feiertage An folgenden Feiertagen haben wir f\u00fcr Sie ge\u00f6ffnet: Neujahr (1. Januar 2025) Ostersonntag\u00a0und Ostermontag (20. &#8230; <a title=\"Besuch\" class=\"read-more\" href=\"https:\/\/hambuechen.net\/wordpress\/besuch\/\" aria-label=\"Mehr Informationen \u00fcber Besuch\">Weiterlesen &#8230;<\/a><\/p>\n","protected":false},"author":1,"featured_media":678,"parent":0,"menu_order":0,"comment_status":"closed","ping_status":"closed","template":"","meta":{"footnotes":""},"class_list":["post-617","page","type-page","status-publish","has-post-thumbnail"],"_links":{"self":[{"href":"https:\/\/hambuechen.net\/wordpress\/wp-json\/wp\/v2\/pages\/617","targetHints":{"allow":["GET"]}}],"collection":[{"href":"https:\/\/hambuechen.net\/wordpress\/wp-json\/wp\/v2\/pages"}],"about":[{"href":"https:\/\/hambuechen.net\/wordpress\/wp-json\/wp\/v2\/types\/page"}],"author":[{"embeddable":true,"href":"https:\/\/hambuechen.net\/wordpress\/wp-json\/wp\/v2\/users\/1"}],"replies":[{"embeddable":true,"href":"https:\/\/hambuechen.net\/wordpress\/wp-json\/wp\/v2\/comments?post=617"}],"version-history":[{"count":8,"href":"https:\/\/hambuechen.net\/wordpress\/wp-json\/wp\/v2\/pages\/617\/revisions"}],"predecessor-version":[{"id":684,"href":"https:\/\/hambuechen.net\/wordpress\/wp-json\/wp\/v2\/pages\/617\/revisions\/684"}],"wp:featuredmedia":[{"embeddable":true,"href":"https:\/\/hambuechen.net\/wordpress\/wp-json\/wp\/v2\/media\/678"}],"wp:attachment":[{"href":"https:\/\/hambuechen.net\/wordpress\/wp-json\/wp\/v2\/media?parent=617"}],"curies":[{"name":"wp","href":"https:\/\/api.w.org\/{rel}","templated":true}]}}